{"id":12,"date":"2021-03-10T12:11:54","date_gmt":"2021-03-10T11:11:54","guid":{"rendered":"http:\/\/wip.pawelhadrian.com\/optimal\/?page_id=12"},"modified":"2021-06-17T19:15:38","modified_gmt":"2021-06-17T17:15:38","slug":"kontakt","status":"publish","type":"page","link":"http:\/\/hosting2248436.online.pro\/optimal\/kontakt\/","title":{"rendered":"Kontakt"},"content":{"rendered":"\n<div class=\"wp-block-columns is-layout-flex wp-container-core-columns-is-layout-9d6595d7 wp-block-columns-is-layout-flex\">\n<div class=\"wp-block-column is-layout-flow wp-block-column-is-layout-flow\">\n<h4 class=\"wp-block-heading\">\u015aCIANY MOBILNE<\/h4>\n\n\n\n<p>Sprzeda\u017c \u015bcian mobilnych:<\/p>\n\n\n\n<p><a href=\"mailto:mobilne@optimalpoland.com.pl\">mobilne@optimalpoland.com.pl<\/a><\/p>\n\n\n\n<p><a href=\"tel:+48817501033\">+48 81 750 10 33<\/a><\/p>\n\n\n\n<p><a href=\"http:\/\/tel.+48660554533\">+48 660 554 533<\/a><\/p>\n<\/div>\n\n\n\n<div class=\"wp-block-column is-layout-flow wp-block-column-is-layout-flow\">\n<h4 class=\"wp-block-heading\">\u015aCIANY STA\u0141E<\/h4>\n\n\n\n<p>Sprzeda\u017c \u015bcian sta\u0142ych:<\/p>\n\n\n\n<p><a href=\"mailto:stale@optimalpoland.com.pl\">stale@optimalpoland.com.pl<\/a><\/p>\n\n\n\n<p><a href=\"tel:+48817501033\">+48 81 750 10 33<\/a><\/p>\n\n\n\n<p><a href=\"tel:+48602344710\">+48 602 344 710<\/a><\/p>\n<\/div>\n\n\n\n<div class=\"wp-block-column is-layout-flow wp-block-column-is-layout-flow\">\n<h4 class=\"wp-block-heading\">DLA ARCHITEKT\u00d3W<\/h4>\n\n\n\n<p><a href=\"mailto:projektowanie@optimalpoland.com.pl\">projektowanie@optimalpoland.com.pl<\/a><\/p>\n\n\n\n<p><a href=\"tel:+48502595000\">+48 502 595 000<\/a><\/p>\n<\/div>\n<\/div>\n\n\n\n<div class=\"wp-block-columns is-layout-flex wp-container-core-columns-is-layout-9d6595d7 wp-block-columns-is-layout-flex\">\n<div class=\"wp-block-column is-layout-flow wp-block-column-is-layout-flow\">\n<h4 class=\"wp-block-heading\">Projektowanie \u015bcian mobilnych<\/h4>\n\n\n\n<p><a href=\"mailto:projektowanie@optimalpoland.com.pl\">projektowanie@optimalpoland.com.pl<\/a><\/p>\n\n\n\n<p><a href=\"tel:+48734855570\">+48 734 855 570<\/a><\/p>\n\n\n\n<p><a href=\"tel:+48600613357\">+48 600 613 357<\/a><\/p>\n<\/div>\n\n\n\n<div class=\"wp-block-column is-layout-flow wp-block-column-is-layout-flow\">\n<h4 class=\"wp-block-heading\">Projektowanie \u015bcian sta\u0142ych<\/h4>\n\n\n\n<p><a href=\"mailto:stale@optimalpoland.com.pl\">stale@optimalpoland.com.pl<\/a><\/p>\n\n\n\n<p><a href=\"tel:+48734855380\">+48 734 855 380<\/a><\/p>\n<\/div>\n\n\n\n<div class=\"wp-block-column is-layout-flow wp-block-column-is-layout-flow\">\n<h4 class=\"wp-block-heading\">Kariera<\/h4>\n\n\n\n<p><a href=\"mailto:kariera@optimalpoland.com.pl\">kariera@optimalpoland.com.pl<\/a><\/p>\n\n\n\n<p><\/p>\n<\/div>\n<\/div>\n\n\n\n<div class=\"wp-block-contact-form-7-contact-form-selector\"><div role=\"form\" class=\"wpcf7\" id=\"wpcf7-f468-o1\" lang=\"pl-PL\" dir=\"ltr\">\n<div class=\"screen-reader-response\"><p role=\"status\" aria-live=\"polite\" aria-atomic=\"true\"><\/p> <ul><\/ul><\/div>\n<form action=\"\/optimal\/wp-json\/wp\/v2\/pages\/12#wpcf7-f468-o1\" method=\"post\" class=\"wpcf7-form init\" novalidate=\"novalidate\" data-status=\"init\">\n<div style=\"display: none;\">\n<input type=\"hidden\" name=\"_wpcf7\" value=\"468\" \/>\n<input type=\"hidden\" name=\"_wpcf7_version\" value=\"5.5.5\" \/>\n<input type=\"hidden\" name=\"_wpcf7_locale\" value=\"pl_PL\" \/>\n<input type=\"hidden\" name=\"_wpcf7_unit_tag\" value=\"wpcf7-f468-o1\" \/>\n<input type=\"hidden\" name=\"_wpcf7_container_post\" value=\"0\" \/>\n<input type=\"hidden\" name=\"_wpcf7_posted_data_hash\" value=\"\" \/>\n<\/div>\n<p><label><br \/>\n<h2>skontaktuj si\u0119 z nami<\/h2>\n<p><\/label><\/p>\n<p><label>imi\u0119 i nazwisko<br \/>\n<span class=\"wpcf7-form-control-wrap your-name\"><input type=\"text\" name=\"your-name\" value=\"\" size=\"40\" class=\"wpcf7-form-control wpcf7-text wpcf7-validates-as-required\" aria-required=\"true\" aria-invalid=\"false\" \/><\/span><\/label><\/p>\n<p><label>email<br \/>\n<span class=\"wpcf7-form-control-wrap your-email\"><input type=\"email\" name=\"your-email\" value=\"\" size=\"40\" class=\"wpcf7-form-control wpcf7-text wpcf7-email wpcf7-validates-as-required wpcf7-validates-as-email\" aria-required=\"true\" aria-invalid=\"false\" \/><\/span><\/label><\/p>\n<p><label>telefon<br \/>\n<span class=\"wpcf7-form-control-wrap your-phone\"><input type=\"tel\" name=\"your-phone\" value=\"\" size=\"40\" class=\"wpcf7-form-control wpcf7-text wpcf7-tel wpcf7-validates-as-required wpcf7-validates-as-tel\" aria-required=\"true\" aria-invalid=\"false\" \/><\/span><\/label><\/p>\n<p><label>temat<br \/>\n<span class=\"wpcf7-form-control-wrap your-subject\"><input type=\"text\" name=\"your-subject\" value=\"\" size=\"40\" class=\"wpcf7-form-control wpcf7-text wpcf7-validates-as-required\" aria-required=\"true\" aria-invalid=\"false\" \/><\/span><\/label><\/p>\n<p><label>wiadomo\u015b\u0107<br \/>\n<span class=\"wpcf7-form-control-wrap your-message\"><textarea name=\"your-message\" cols=\"40\" rows=\"10\" class=\"wpcf7-form-control wpcf7-textarea\" aria-invalid=\"false\"><\/textarea><\/span><\/label><\/p>\n<p><label class=\"form-acceptance\"><span class=\"wpcf7-form-control-wrap przetwarzanie\"><span class=\"wpcf7-form-control wpcf7-acceptance\"><span class=\"wpcf7-list-item\"><input type=\"checkbox\" name=\"przetwarzanie\" value=\"1\" aria-invalid=\"false\" \/><\/span><\/span><\/span>&nbsp;&nbsp;O\u015bwiadczam, \u017ce zapozna\u0142em si\u0119 z <a href=\"\">Klauzul\u0105 informacyjn\u0105<\/a> i wyra\u017cam zgod\u0119 na przetwarzanie moich danych osobowych.<\/label><\/p>\n<p><input type=\"submit\" value=\"WY\u015aLIJ\" class=\"wpcf7-form-control has-spinner wpcf7-submit\" \/><\/p>\n<div class=\"wpcf7-response-output\" aria-hidden=\"true\"><\/div><\/form><\/div><\/div>\n","protected":false},"excerpt":{"rendered":"<p>\u015aCIANY MOBILNE Sprzeda\u017c \u015bcian mobilnych: mobilne@optimalpoland.com.pl +48 81 750 10 33 +48 660 554 533 \u015aCIANY STA\u0141E Sprzeda\u017c \u015bcian sta\u0142ych: stale@optimalpoland.com.pl +48 81 750 10 33 +48 602 344 710 DLA ARCHITEKT\u00d3W projektowanie@optimalpoland.com.pl +48 502 595 000 Projektowanie \u015bcian mobilnych projektowanie@optimalpoland.com.pl +48 734 855 570 +48 600 613 357 Projektowanie \u015bcian sta\u0142ych stale@optimalpoland.com.pl +48 734&hellip; <a class=\"more-link\" href=\"http:\/\/hosting2248436.online.pro\/optimal\/kontakt\/\">Czytaj dalej <span class=\"screen-reader-text\">Kontakt<\/span><\/a><\/p>\n","protected":false},"author":1,"featured_media":0,"parent":0,"menu_order":0,"comment_status":"closed","ping_status":"closed","template":"","meta":{"footnotes":""},"class_list":["post-12","page","type-page","status-publish","hentry","entry"],"acf":[],"_links":{"self":[{"href":"http:\/\/hosting2248436.online.pro\/optimal\/wp-json\/wp\/v2\/pages\/12","targetHints":{"allow":["GET"]}}],"collection":[{"href":"http:\/\/hosting2248436.online.pro\/optimal\/wp-json\/wp\/v2\/pages"}],"about":[{"href":"http:\/\/hosting2248436.online.pro\/optimal\/wp-json\/wp\/v2\/types\/page"}],"author":[{"embeddable":true,"href":"http:\/\/hosting2248436.online.pro\/optimal\/wp-json\/wp\/v2\/users\/1"}],"replies":[{"embeddable":true,"href":"http:\/\/hosting2248436.online.pro\/optimal\/wp-json\/wp\/v2\/comments?post=12"}],"version-history":[{"count":11,"href":"http:\/\/hosting2248436.online.pro\/optimal\/wp-json\/wp\/v2\/pages\/12\/revisions"}],"predecessor-version":[{"id":902,"href":"http:\/\/hosting2248436.online.pro\/optimal\/wp-json\/wp\/v2\/pages\/12\/revisions\/902"}],"wp:attachment":[{"href":"http:\/\/hosting2248436.online.pro\/optimal\/wp-json\/wp\/v2\/media?parent=12"}],"curies":[{"name":"wp","href":"https:\/\/api.w.org\/{rel}","templated":true}]}}