{"id":435,"date":"2021-05-11T20:39:17","date_gmt":"2021-05-11T18:39:17","guid":{"rendered":"http:\/\/wip.pawelhadrian.com\/optimal\/?page_id=435"},"modified":"2021-06-21T09:52:10","modified_gmt":"2021-06-21T07:52:10","slug":"zrownowazony-rozwoj","status":"publish","type":"page","link":"http:\/\/hosting2248436.online.pro\/optimal\/zrownowazony-rozwoj\/","title":{"rendered":"Zr\u00f3wnowa\u017cony rozw\u00f3j"},"content":{"rendered":"\n<div style=\"height:10px\" aria-hidden=\"true\" class=\"wp-block-spacer\"><\/div>\n\n\n\n<div class=\"wp-block-columns is-layout-flex wp-container-core-columns-is-layout-9d6595d7 wp-block-columns-is-layout-flex\">\n<div class=\"wp-block-column is-layout-flow wp-block-column-is-layout-flow\" style=\"flex-basis:50%\">\n<p>Jeste\u015bmy odpowiedzialni spo\u0142ecznie. Zr\u00f3wnowa\u017cony rozw\u00f3j jest wpisany w strategi\u0119 naszej firmy.&nbsp;<\/p>\n\n\n\n<p>Wsp\u00f3\u0142pracujemy z jednostkami badawczymi, dbamy o spo\u0142eczno\u015b\u0107 lokaln\u0105, pracownicy s\u0105 naszym kluczowym kapita\u0142em, nasze produkty powstaj\u0105 z szacunkiem dla \u015brodowiska naturalnego.&nbsp;<\/p>\n\n\n\n<p>Nie stosujemy mat bitumicznych, w celu uzyskania izolacyjno\u015bci akustycznej naszych wyrob\u00f3w.&nbsp;<\/p>\n\n\n\n<p>Tu nie uznajemy kompromis\u00f3w.<\/p>\n\n\n\n<p>Naszym kluczowym partnerem jest Instytut Techniki Budowlanej. <\/p>\n<\/div>\n\n\n\n<div class=\"wp-block-column is-layout-flow wp-block-column-is-layout-flow\" style=\"flex-basis:50%\">\n<p>Nasze produkty s\u0105 bezpieczne. Zgodnie ze strategi\u0105 firmy, jest to podstawowa cecha naszych wyrob\u00f3w. Od pocz\u0105tku dzia\u0142alno\u015bci, bezpiecze\u0144stwo naszych produkt\u00f3w, potwierdzali\u015bmy w badaniach realizowanych w Instytucie Techniki Budowlanej.<\/p>\n\n\n\n<p>Zak\u0142ad Mechaniki Instytutu Techniki Budowlanej w Warszawie, w 2020 roku zbada\u0142 nasz\u0105 \u015bcian\u0119 o wysoko\u015bci 11 metr\u00f3w\u00a0 i d\u0142ugo\u015bci 24 metr\u00f3w. Jest to najwy\u017csza \u015bciana przesuwna, zbadana przez akredytowan\u0105 jednostk\u0119 badawcz\u0105 w Europie.<\/p>\n\n\n\n<p>Posiadamy stanowiska pracy, przygotowane specjalnie dla student\u00f3w.<\/p>\n<\/div>\n<\/div>\n\n\n\n<div class=\"wp-block-group claim\"><div class=\"wp-block-group__inner-container is-layout-flow wp-block-group-is-layout-flow\">\n<div class=\"wp-block-columns is-layout-flex wp-container-core-columns-is-layout-9d6595d7 wp-block-columns-is-layout-flex\">\n<div class=\"wp-block-column is-layout-flow wp-block-column-is-layout-flow\">\n<figure class=\"wp-block-image size-large\"><a href=\"http:\/\/hosting2248436.online.pro\/optimal\/doswiadczenie-i-potencjal\/\"><img decoding=\"async\" width=\"1920\" height=\"700\" src=\"http:\/\/hosting2248436.online.pro\/optimal\/wp-content\/uploads\/2021\/05\/optimal-doswiadczenie.jpg\" alt=\"\" class=\"wp-image-471\" srcset=\"http:\/\/hosting2248436.online.pro\/optimal\/wp-content\/uploads\/2021\/05\/optimal-doswiadczenie.jpg 1920w, http:\/\/hosting2248436.online.pro\/optimal\/wp-content\/uploads\/2021\/05\/optimal-doswiadczenie-1280x467.jpg 1280w, http:\/\/hosting2248436.online.pro\/optimal\/wp-content\/uploads\/2021\/05\/optimal-doswiadczenie-768x280.jpg 768w, http:\/\/hosting2248436.online.pro\/optimal\/wp-content\/uploads\/2021\/05\/optimal-doswiadczenie-1536x560.jpg 1536w, http:\/\/hosting2248436.online.pro\/optimal\/wp-content\/uploads\/2021\/05\/optimal-doswiadczenie-1568x572.jpg 1568w\" sizes=\"(max-width: 1920px) 100vw, 1920px\" \/><\/a><figcaption><a href=\"http:\/\/hosting2248436.online.pro\/optimal\/doswiadczenie-i-potencjal\/\">Do\u015bwiadczenie i potencja\u0142<\/a><\/figcaption><\/figure>\n<\/div>\n\n\n\n<div class=\"wp-block-column is-layout-flow wp-block-column-is-layout-flow\">\n<figure class=\"wp-block-image size-large\"><img decoding=\"async\" width=\"1920\" height=\"700\" src=\"http:\/\/hosting2248436.online.pro\/optimal\/wp-content\/uploads\/2021\/05\/zrownowazony-rozwoj-1.jpg\" alt=\"\" class=\"wp-image-756\" srcset=\"http:\/\/hosting2248436.online.pro\/optimal\/wp-content\/uploads\/2021\/05\/zrownowazony-rozwoj-1.jpg 1920w, http:\/\/hosting2248436.online.pro\/optimal\/wp-content\/uploads\/2021\/05\/zrownowazony-rozwoj-1-1280x467.jpg 1280w, http:\/\/hosting2248436.online.pro\/optimal\/wp-content\/uploads\/2021\/05\/zrownowazony-rozwoj-1-768x280.jpg 768w, http:\/\/hosting2248436.online.pro\/optimal\/wp-content\/uploads\/2021\/05\/zrownowazony-rozwoj-1-1536x560.jpg 1536w, http:\/\/hosting2248436.online.pro\/optimal\/wp-content\/uploads\/2021\/05\/zrownowazony-rozwoj-1-1568x572.jpg 1568w\" sizes=\"(max-width: 1920px) 100vw, 1920px\" \/><figcaption><a href=\"http:\/\/hosting2248436.online.pro\/optimal\/zrownowazony-rozwoj\/\">Zr\u00f3wnowa\u017cony rozw\u00f3j<\/a><\/figcaption><\/figure>\n<\/div>\n\n\n\n<div class=\"wp-block-column is-layout-flow wp-block-column-is-layout-flow\">\n<figure class=\"wp-block-image size-full\"><img decoding=\"async\" width=\"1920\" height=\"700\" src=\"http:\/\/hosting2248436.online.pro\/optimal\/wp-content\/uploads\/2021\/05\/optimal-innowacyjnosc.jpg\" alt=\"\" class=\"wp-image-473\" srcset=\"http:\/\/hosting2248436.online.pro\/optimal\/wp-content\/uploads\/2021\/05\/optimal-innowacyjnosc.jpg 1920w, http:\/\/hosting2248436.online.pro\/optimal\/wp-content\/uploads\/2021\/05\/optimal-innowacyjnosc-1280x467.jpg 1280w, http:\/\/hosting2248436.online.pro\/optimal\/wp-content\/uploads\/2021\/05\/optimal-innowacyjnosc-768x280.jpg 768w, http:\/\/hosting2248436.online.pro\/optimal\/wp-content\/uploads\/2021\/05\/optimal-innowacyjnosc-1536x560.jpg 1536w, http:\/\/hosting2248436.online.pro\/optimal\/wp-content\/uploads\/2021\/05\/optimal-innowacyjnosc-1568x572.jpg 1568w\" sizes=\"(max-width: 1920px) 100vw, 1920px\" \/><figcaption><a href=\"http:\/\/hosting2248436.online.pro\/optimal\/innowacyjnosc\/\">Innowacyjno\u015b\u0107<\/a><\/figcaption><\/figure>\n<\/div>\n<\/div>\n<\/div><\/div>\n","protected":false},"excerpt":{"rendered":"<p>Jeste\u015bmy odpowiedzialni spo\u0142ecznie. Zr\u00f3wnowa\u017cony rozw\u00f3j jest wpisany w strategi\u0119 naszej firmy.&nbsp; Wsp\u00f3\u0142pracujemy z jednostkami badawczymi, dbamy o spo\u0142eczno\u015b\u0107 lokaln\u0105, pracownicy s\u0105 naszym kluczowym kapita\u0142em, nasze produkty powstaj\u0105 z szacunkiem dla \u015brodowiska naturalnego.&nbsp; Nie stosujemy mat bitumicznych, w celu uzyskania izolacyjno\u015bci akustycznej naszych wyrob\u00f3w.&nbsp; Tu nie uznajemy kompromis\u00f3w. Naszym kluczowym partnerem jest Instytut Techniki Budowlanej. Nasze&hellip; <a class=\"more-link\" href=\"http:\/\/hosting2248436.online.pro\/optimal\/zrownowazony-rozwoj\/\">Czytaj dalej <span class=\"screen-reader-text\">Zr\u00f3wnowa\u017cony rozw\u00f3j<\/span><\/a><\/p>\n","protected":false},"author":1,"featured_media":756,"parent":0,"menu_order":0,"comment_status":"closed","ping_status":"closed","template":"","meta":{"footnotes":""},"class_list":["post-435","page","type-page","status-publish","has-post-thumbnail","hentry","entry"],"acf":[],"_links":{"self":[{"href":"http:\/\/hosting2248436.online.pro\/optimal\/wp-json\/wp\/v2\/pages\/435","targetHints":{"allow":["GET"]}}],"collection":[{"href":"http:\/\/hosting2248436.online.pro\/optimal\/wp-json\/wp\/v2\/pages"}],"about":[{"href":"http:\/\/hosting2248436.online.pro\/optimal\/wp-json\/wp\/v2\/types\/page"}],"author":[{"embeddable":true,"href":"http:\/\/hosting2248436.online.pro\/optimal\/wp-json\/wp\/v2\/users\/1"}],"replies":[{"embeddable":true,"href":"http:\/\/hosting2248436.online.pro\/optimal\/wp-json\/wp\/v2\/comments?post=435"}],"version-history":[{"count":16,"href":"http:\/\/hosting2248436.online.pro\/optimal\/wp-json\/wp\/v2\/pages\/435\/revisions"}],"predecessor-version":[{"id":908,"href":"http:\/\/hosting2248436.online.pro\/optimal\/wp-json\/wp\/v2\/pages\/435\/revisions\/908"}],"wp:featuredmedia":[{"embeddable":true,"href":"http:\/\/hosting2248436.online.pro\/optimal\/wp-json\/wp\/v2\/media\/756"}],"wp:attachment":[{"href":"http:\/\/hosting2248436.online.pro\/optimal\/wp-json\/wp\/v2\/media?parent=435"}],"curies":[{"name":"wp","href":"https:\/\/api.w.org\/{rel}","templated":true}]}}